hat is the highest common factor of 1978620 and 672?
84
Calculate the greatest common divisor of 4917792 and 1584.
528
What is the highest common factor of 1757 and 119084189?
1757
What is the highest common divisor of 55636 and 7196?
28
Calculate the greatest common factor of 78 and 6505850.
26
What is the greatest common divisor of 37310 and 517174?
574
Calculate the highest common divisor of 1131 and 5284119.
87
Calculate the highest common divisor of 6218520 and 21420.
420
What is the highest common factor of 27306 and 1035297?
333
Calculate the highest common factor of 36640 and 227855.
1145
What is the greatest common factor of 1564 and 853162?
782
What is the highest common factor of 529108857 and 261?
261
What is the greatest common divisor of 1066388 and 72910?
634
What is the greatest common divisor of 4788186 and 5304?
1326
What is the greatest common divisor of 440659 and 4087?
67
What is the highest common divisor of 63 and 395824842?
63
Calculate the highest common divisor of 13167935 and 440.
55
Calculate the greatest common divisor of 11778 and 831708.
906
What is the highest common factor of 6943 and 3216464?
53
What is the greatest common factor of 858670 and 1360?
170
What is the greatest common factor of 39894920 and 208?
104
What is the greatest common factor of 3161 and 71949?
29
What is the greatest common divisor of 5008 and 236986072?
2504
What is the highest common divisor of 130 and 12742415?
5
What is the greatest common divisor of 886336652 and 4?
4
What is the highest common factor of 1582 and 3404916?
226
Calculate the highest common factor of 6105 and 13905155.
2035
What is the greatest common factor of 146710 and 13770?
170
Calculate the highest common factor of 135 and 2471985.
135
Calculate the greatest common divisor of 14376273 and 7857.
291
Calculate the highest common divisor of 349492 and 7332.
2444
What is the greatest common factor of 40298275 and 17175?
5725
Calculate the highest common divisor of 935 and 177400729.
187
What is the greatest common divisor of 30879 and 100674?
423
Calculate the greatest common factor of 1227535 and 212915.
485
What is the greatest common divisor of 10 and 74757955?
5
Calculate the highest common divisor of 118 and 248449.
59
Calculate the greatest common factor of 1488 and 609370224.
1488
Calculate the highest common factor of 1403024208 and 96.
48
What is the greatest common divisor of 4448 and 243648?
32
What is the greatest common factor of 2808 and 15375789?
117
Calculate the highest common factor of 11661 and 6841965.
507
What is the greatest common factor of 6 and 413762916?
6
What is the highest common factor of 2320 and 584524?
116
What is the greatest common divisor of 1917 and 374280831?
1917
What is the highest common divisor of 15365 and 6751820?
2195
Calculate the greatest common factor of 46816 and 15114176.
2464
What is the highest common divisor of 357653556 and 16848?
4212
What is the greatest common divisor of 2346731 and 9333?
1037
Calculate the highest common factor of 6726491 and 30623.
271
What is the highest common divisor of 13699595 and 1820?
455
What is the highest common factor of 46971 and 117888?
921
What is the highest common factor of 9135432 and 1455276?
8412
Calculate the greatest common factor of 1634410 and 170.
10
Calculate the greatest common divisor of 639251665 and 16508.
4127
What is the greatest common factor of 14929740 and 204?
204
Calculate the highest common divisor of 29500172 and 8292.
2764
Calculate the highest common factor of 921750 and 4710.
30
Calculate the greatest common factor of 168750 and 78890.
10
What is the highest common factor of 83677401 and 27?
27
What is the highest common divisor of 2145 and 19344000?
195
What is the greatest common divisor of 109509 and 16608?
519
What is the greatest common factor of 18743714 and 101321?
671
What is the greatest common divisor of 284526 and 87912?
594
What is the greatest common divisor of 506 and 1302191?
253
What is the greatest common factor of 98915675 and 31195?
1835
Calculate the greatest common divisor of 163933 and 13783.
77
Calculate the highest common divisor of 578 and 1940890.
34
Calculate the highest common factor of 77688 and 12456.
72
Calculate the greatest common factor of 42 and 84849156.
42
What is the highest common divisor of 380 and 2113636?
76
Calculate the greatest common factor of 3785 and 5724434.
757
Calculate the greatest common divisor of 29782269 and 629255.
7403
Calculate the greatest common factor of 32 and 1324673808.
16
Calculate the greatest common divisor of 46697 and 15004985.
953
What is the highest common divisor of 9352492 and 8?
4
What is the highest common divisor of 14343293 and 536?
67
Calculate the greatest common factor of 36 and 2127604.
4
What is the highest common factor of 2088 and 1459251?
261
What is the greatest common divisor of 123261 and 5881776?
543
Calculate the highest common divisor of 67419 and 14864641.
2497
What is the highest common divisor of 369308 and 204?
68
Calculate the greatest common factor of 15367 and 7744.
121
What is the highest common divisor of 121176 and 19806039?
891
Calculate the greatest common divisor of 25613650 and 130.
10
What is the highest common divisor of 23665 and 44589593?
4733
Calculate the greatest common factor of 496176766 and 1022.
146
Calculate the highest common divisor of 319 and 2499552.
11
What is the greatest common divisor of 4534906 and 3796?
146
Calculate the greatest common factor of 231 and 22155111.
33
Calculate the highest common factor of 3057 and 827180383.
1019
Calculate the highest common divisor of 760433 and 70.
1
Calculate the greatest common factor of 196156 and 136793.
2581
Calculate the highest common factor of 104588 and 2594548.
44
Calculate the greatest common divisor of 20046645 and 395.
395
Calculate the greatest common factor of 650 and 113066200.
650
What is the highest common divisor of 11413028 and 88?
44
Calculate the highest common divisor of 76804 and 17654.
182
What is the greatest common divisor of 8220024 and 48?
24
What is the highest common divisor of 561 and 19912233?
33
Calculate the highest common divisor of 97412 and 102524.
284
Calculate the highest common divisor of 153 and 11176839.
9
Calculate the greatest common factor of 99 and 1963620.
9
Calculate the greatest common factor of 20764387 and 637.
49
What is the greatest common factor of 151598 and 18320?
458
Calculate the highest common divisor of 22248720 and 52.
52
What is the highest common divisor of 900 and 150241200?
300
What is the greatest common divisor of 91120 and 128?
16
Calculate the highest common divisor of 13027995 and 35.
5
What is the highest common factor of 3116 and 30232580?
164
Calculate the highest common divisor of 11341 and 329920.
1031
Calculate the greatest common factor of 3794448 and 1212.
12
Calculate the highest common divisor of 498 and 66167517.
249
Calculate the highest common divisor of 311269854 and 11209.
1019
Calculate the highest common factor of 145 and 171159305.
145
What is the greatest common factor of 39485625 and 60?
15
What is the greatest common factor of 1680 and 14037765?
105
Calculate the highest common factor of 1026 and 10716.
114
Calculate the highest common factor of 58 and 434716177.
29
Calculate the highest common factor of 59 and 14551406.
59
What is the highest common divisor of 2219129 and 33?
11
What is the highest common factor of 543438830 and 1595?
1595
Calculate the highest common factor of 10 and 4264734.
2
What is the greatest common factor of 415 and 36278885?
415
What is the highest common factor of 871 and 2359204?
67
What is the highest common divisor of 1260 and 100144170?
630
What is the highest common divisor of 17348400 and 2304?
144
What is the highest common divisor of 19458 and 26414?
94
Calculate the greatest common divisor of 497889 and 5418.
63
What is the greatest common factor of 283257 and 177957?
1053
Calculate the greatest common divisor of 83633 and 258236.
11
Calculate the greatest common factor of 81 and 277467444.
81
What is the highest common divisor of 96 and 46176864?
96
What is the highest common divisor of 66822 and 5840561?
1591
Calculate the greatest common factor of 1840188 an